-449 (base 15) in base 6?
-4253
a26 (base 11) to base 14
646
6 (base 10) to base 11
6
164b (base 14) to base 6
30243
Convert -1153a (base 11) to base 12.
-9750
What is -5041 (base 13) in base 12?
-647a
Convert 77b (base 12) to base 7.
3134
-100110100100 (base 2) to base 4
-212210
Convert -1428 (base 11) to base 12.
-1099
What is -34624 (base 10) in base 4?
-20131000
What is -40403 (base 8) in base 3?
-211211102
20010122 (base 3) to base 13
2060
-21a91 (base 12) to base 9
-67341
-450305 (base 6) to base 5
-2201242
Convert -1527 (base 14) to base 7.
-13650
Convert -1c8 (base 13) to base 12.
-239
What is -44141 (base 6) in base 7?
-23545
Convert 105355 (base 6) to base 16.
2327
What is -aaac (base 13) in base 8?
-56372
Convert -202 (base 7) to base 16.
-64
-71a (base 15) to base 4
-121000
328 (base 11) to base 3
112120
-321021 (base 4) to base 15
-113c
Convert -1621 (base 11) to base 3.
-2212001
What is 21820 (base 10) in base 11?
15437
What is 25606 (base 7) in base 4?
1222201
Convert -166114 (base 8) to base 16.
-ec4c
What is -2052 (base 6) in base 13?
-299
What is -121 (base 8) in base 11?
-74
-54505 (base 8) to base 7
-123425
What is 41450 (base 6) in base 5?
134244
Convert 34122 (base 6) to base 16.
12c2
135704 (base 8) to base 3
2102221022
30832 (base 10) to base 3
1120021221
Convert -111101100 (base 2) to base 13.
-2bb
What is -328 (base 11) in base 14?
-201
What is -10000101010000 (base 2) in base 12?
-4b28
What is -400 (base 7) in base 8?
-304
What is 2011020 (base 3) in base 16?
624
What is -1130 (base 9) in base 11?
-6a1
What is 1001102 (base 3) in base 5?
11032
What is -300223 (base 5) in base 6?
-111410
What is -44b (base 14) in base 12?
-5ab
What is -bdf (base 16) in base 10?
-3039
-44006 (base 7) to base 8
-25346
-263 (base 14) to base 13
-2ab
What is -127a (base 15) in base 10?
-3940
What is 10010110111001 (base 2) in base 8?
22671
What is -213102 (base 4) in base 15?
-b29
-5796 (base 12) to base 3
-111101120
122564 (base 7) to base 5
1210321
Convert 1107 (base 10) to base 11.
917
Convert -3424 (base 5) to base 12.
-349
What is -1000012112 (base 3) in base 13?
-9047
100000011100 (base 2) to base 12
1250
Convert -1b37b (base 12) to base 8.
-116517
What is -15555 (base 6) in base 9?
-3488
Convert 10825 (base 10) to base 8.
25111
Convert a (base 15) to base 14.
a
Convert -11000220 (base 3) to base 14.
-1100
1224 (base 6) to base 2
100110000
-371 (base 12) to base 2
-1000000101
-23130 (base 4) to base 6
-3220
What is -1111001010101 (base 2) in base 3?
-101122121
What is -3252 (base 6) in base 8?
-1360
-1420143 (base 5) to base 15
-8ab8
5432 (base 6) to base 14
64c
Convert 43301 (base 5) to base 10.
2951
What is 424440 (base 5) in base 9?
21636
What is 102330130 (base 4) in base 3?
10221102221
-1210111 (base 3) to base 7
-3550
-3103102 (base 4) to base 5
-413042
What is -170 (base 13) in base 3?
-100122
Convert -983 (base 15) to base 3.
-2221120
What is -200010 (base 5) in base 4?
-1201233
51223 (base 9) to base 7
200205
What is -158 (base 13) in base 15?
-112
Convert ce4 (base 15) to base 13.
1432
Convert -302 (base 6) to base 10.
-110
Convert 1100000011 (base 2) to base 6.
3323
3c18 (base 13) to base 10
8640
Convert -14a (base 11) to base 5.
-1200
What is -10022 (base 5) in base 6?
-2541
What is -212000121 (base 3) in base 16?
-418f
-110001000 (base 2) to base 8
-610
Convert 3130 (base 5) to base 16.
19f
Convert 87 (base 12) to base 5.
403
-5511 (base 10) to base 15
-1976
Convert -26a (base 12) to base 10.
-370
Convert 33261 (base 8) to base 3.
201012120
What is -c4a (base 13) in base 9?
-2772
What is 13221 (base 4) in base 10?
489
-226 (base 15) to base 3
-200000
Convert 2150 (base 7) to base 2.
1100000010
What is -4 (base 14) in base 9?
-4
23961 (base 11) to base 7
202245
-13696 (base 12) to base 14
-9b34
Convert -111000 (base 5) to base 14.
-15ab
Convert 441 (base 7) to base 13.
144
52231 (base 7) to base 5
402221
5130 (base 7) to base 14
917
Convert -2062 (base 8) to base 15.
-4b9
What is 2434 (base 5) in base 4?
11301
Convert -120105 (base 6) to base 4.
-2202221
Convert -451045 (base 7) to base 12.
-3a0a1
72714 (base 9) to base 3
2102210111
Convert -1542 (base 6) to base 15.
-1d2
6d7 (base 16) to base 6
12035
10000000001 (base 2) to base 8
2001
-1ad15 (base 14) to base 6
-1244435
Convert -1b4 (base 16) to base 7.
-1162
Convert -3431 (base 8) to base 15.
-812
Convert 7a0 (base 15) to base 9.
2326
Convert 1123023 (base 4) to base 7.
23004
What is -130330 (base 6) in base 7?
-46242
What is 34201 (base 5) in base 11?
1906
What is -1107 (base 13) in base 6?
-14553
Convert -c517 (base 14) to base 10.
-33929
What is 1bfc (base 16) in base 7?
26613
Convert 154121 (base 6) to base 5.
441134
-486 (base 15) to base 4
-100002
What is -103230 (base 4) in base 5?
-20020
What is -8526 (base 14) in base 8?
-54666
-11201 (base 4) to base 10
-353
Convert -3a1 (base 11) to base 2.
-111011010
What is 5166 (base 7) in base 6?
12220
What is 7676 (base 9) in base 14?
20c2
110010001010 (base 2) to base 6
22510
What is -414444 (base 5) in base 2?
-11010110110101
122132 (base 8) to base 16
a45a
637 (base 9) to base 13
310
Convert 380 (base 15) to base 13.
492
17a6a (base 14) to base 12
2a652
What is -13101 (base 7) in base 12?
-2020
a81 (base 13) to base 4
130003
32a2 (base 14) to base 6
104330
Convert -4906 (base 10) to base 11.
-3760
Convert -584 (base 13) to base 2.
-1110111001
-3439 (base 10) to base 7
-13012
Convert 1405 (base 7) to base 2.
1000100000
What is 4299 (base 12) in base 3?
101001000
What is 10201020 (base 3) in base 5?
41311
21a62 (base 13) to base 16
eea1
-27502 (base 8) to base 4
-2331002
What is 36110 (base 7) in base 2?
10010001100101
301131 (base 4) to base 8
6135
1b0 (base 15) to base 13
240
6243 (base 13) to base 2
11010100000111
What is -303 (base 8) in base 15?
-d0
-26105 (base 9) to base 16
-44ae
What is -a1b (base 13) in base 12?
-baa
Convert 664 (base 12) to base 9.
1254
Convert -243011 (base 5) to base 2.
-10001110101011
What is -7b (base 16) in base 14?
-8b
What is -120 (base 16) in base 3?
-101200
111133 (base 7) to base 13
8c17
-453 (base 16) to base 3
-1112000
-1114423 (base 5) to base 7
-112163
7073 (base 11) to base 8
22265
What is -7019 (base 11) in base 14?
-358d
-152 (base 13) to base 7
-455
Convert -5807 (base 14) to base 9.
-22874
Convert -1700 (base 9) to base 6.
-10000
Convert 1225 (base 6) to base 16.
131
Convert 441 (base 6) to base 8.
251
-4423 (base 9) to base 15
-e76
Convert 1586 (base 9) to base 7.
3351
What is 1123443 (base 5) in base 12?
ba42
What is -333123 (base 4) in base 8?
-7733
What is 546b (base 15) in base 10?
17876
Convert -4232 (base 6) to base 14.
-4c4
Convert -11b61 (base 16) to base 4.
-101231201
What is -111000101 (base 2) in base 14?
-245
Convert 13a2 (base 11) to base 14.
930
Convert -262446 (base 7) to base 5.
-3031221
Convert -124 (base 13) to base 10.
-199
What is -523515 (base 6) in base 15?
-c80b
What is -3794 (base 10) in base 15?
-11ce
Convert -1359 (base 16) to base 2.
-1001101011001
-13205 (base 8) to base 3
-21220112
What is -22515 (base 6) in base 10?
-3215
Convert 1d9 (base 16) to base 12.
335
Convert 4786 (base 15) to base 4.
3231201
Convert -129 (base 10) to base 11.
-108
Convert 1110011101001011 (base 2) to base 11.
40539
What is 201 (base 15) in base 13?
289
-626 (base 7) to base 4
-10322
-9b4 (base 16) to base 8
-4664
What is 1011302 (base 4) in base 8?
10562
Convert -12d25 (base 14) to base 13.
-1820a
What is -1490 (base 12) in base 6?
-15100
What is 384 (base 12) in base 9?
651
What is -493 (base 12) in base 3?
-221110
What is -1013112 (base 5) in base 15?
-4e07
Convert 1245 (base 16) to base 8.
11105
What is -2134 (base 11) in base 4?
-230010
11033 (base 6) to base 8
2775
Convert -5300 (base 6) to base 13.
-705
What is -14602 (base 8) in base 11?
-49a7
-2465 (base 7) to base 15
-41e
Convert 1415 (base 6) to base 15.
19b
Convert -c1e (base 15) to base 5.
-41404
23223 (base 4) to base 11
61a
What is 2230012 (base 4) in base 12?
645a
-13a61 (base 11) to base 2
-100110111000111
What is 102220011 (base 3) in base 13?
3c40
What is -715 (base 9) in base 2?
-1001000101
Convert -14424 (base 5) to base 9.
-1626
36215 (base 7) to base 10
9371
641 (base 15) to base 12
997
-28